{"id":9,"date":"2023-01-11T21:23:45","date_gmt":"2023-01-12T02:23:45","guid":{"rendered":"http:\/\/stm-harcelement.localhost\/?page_id=9"},"modified":"2023-06-12T08:42:10","modified_gmt":"2023-06-12T12:42:10","slug":"quest-ce-que-le-harcelement-de-rue","status":"publish","type":"page","link":"https:\/\/www.temoinsagissons.ca\/fr\/quest-ce-que-le-harcelement-de-rue\/","title":{"rendered":"Harc\u00e8lement de rue : c&rsquo;est quoi exactement\u00a0?"},"content":{"rendered":"\n<div class=\"bloc-stm-text-theme theme-green plain \">\n    \n\n<p id=\"top1\">2 personnes sur 3 ont d\u00e9clar\u00e9 avoir \u00e9t\u00e9 victime de harc\u00e8lement de rue \u00e0 Montr\u00e9al<a   class=\"note-bas-de-page\" name=\"top_note1\" aria-label=\"Lien vers la note de bas de page #1\" href=\"#note1\" data-type=\"internal\" data-id=\"#note1\">*<\/a>.<\/p>\n\n\n\n<p>Qu\u2019on soit victime ou t\u00e9moin, ces situations ont un impact sur notre qualit\u00e9 de vie dans les lieux publics. La premi\u00e8re \u00e9tape pour lutter contre le harc\u00e8lement de rue, c\u2019est de le reconna\u00eetre.<\/p>\n\n\n<\/div>\n\n\n\n<div class=\"wp-block-columns is-layout-flex wp-container-core-columns-layout-1 wp-block-columns-is-layout-flex\">\n<div class=\"wp-block-column is-layout-flow wp-block-column-is-layout-flow\" style=\"flex-basis:33.33%\">\n<h2 class=\"wp-block-heading\">C&rsquo;est quoi&nbsp;?<\/h2>\n<\/div>\n\n\n\n<div class=\"wp-block-column is-layout-flow wp-block-column-is-layout-flow\" style=\"flex-basis:66.66%\">\n<p>Des comportements blessants, adopt\u00e9s par des inconnus, que l\u2019on peut voir au quotidien et qui sont souvent banalis\u00e9s (ex.&nbsp;: siffler une personne dans la rue) ou des gestes criminels (ex.&nbsp;: frapper quelqu\u2019un).<\/p>\n\n\n\n<div class=\"bloc-stm-text-theme theme-green plain boxed last-item\">\n    \n\n<p>Ces violences peuvent \u00eatre bas\u00e9es, par exemple, sur le genre, l&rsquo;origine, la couleur de peau, le handicap, l\u2019\u00e2ge, l\u2019orientation sexuelle, la langue ou le port de signes religieux.<\/p>\n\n\n<\/div>\n<\/div>\n<\/div>\n\n\n\n<hr class=\"wp-block-separator has-alpha-channel-opacity\"\/>\n\n\n\n<div class=\"wp-block-columns is-layout-flex wp-container-core-columns-layout-2 wp-block-columns-is-layout-flex\">\n<div class=\"wp-block-column is-layout-flow wp-block-column-is-layout-flow\" style=\"flex-basis:33.33%\">\n<h2 class=\"wp-block-heading\">Comment&nbsp;?<\/h2>\n<\/div>\n\n\n\n<div class=\"wp-block-column is-layout-flow wp-block-column-is-layout-flow\" style=\"flex-basis:66.66%\">\n<p>Par des paroles, des attitudes ou des gestes intrusifs, insistants, irrespectueux et non sollicit\u00e9s qui peuvent d\u00e9ranger, ins\u00e9curiser, blesser, humilier, voire exclure socialement une personne.<\/p>\n<\/div>\n<\/div>\n\n\n\n<hr class=\"wp-block-separator has-alpha-channel-opacity\"\/>\n\n\n\n<div class=\"wp-block-columns is-layout-flex wp-container-core-columns-layout-3 wp-block-columns-is-layout-flex\">\n<div class=\"wp-block-column is-layout-flow wp-block-column-is-layout-flow\" style=\"flex-basis:33.33%\">\n<h2 class=\"wp-block-heading\">O\u00f9&nbsp;?<\/h2>\n<\/div>\n\n\n\n<div class=\"wp-block-column is-layout-flow wp-block-column-is-layout-flow\" style=\"flex-basis:66.66%\">\n<p>Dans l\u2019ensemble des lieux publics.<\/p>\n\n\n\n<div class=\"bloc-stm-text-theme theme-green plain boxed last-item\">\n    \n\n<p>L\u2019expression peut porter \u00e0 confusion. Le harc\u00e8lement de rue, contrairement \u00e0 ce que son nom indique, peut se produire dans tous les lieux publics (pas seulement dans la rue!), comme au parc, \u00e0 l\u2019arr\u00eat de bus, dans le m\u00e9tro, un bar, un centre commercial, ou un mus\u00e9e.<\/p>\n\n\n<\/div>\n<\/div>\n<\/div>\n\n\n\n<hr class=\"wp-block-separator has-alpha-channel-opacity\"\/>\n\n\n\n<div class=\"wp-block-columns is-layout-flex wp-container-core-columns-layout-4 wp-block-columns-is-layout-flex\">\n<div class=\"wp-block-column is-layout-flow wp-block-column-is-layout-flow\" style=\"flex-basis:33.33%\">\n<h2 class=\"wp-block-heading\">Qui est cibl\u00e9&nbsp;?<\/h2>\n<\/div>\n\n\n\n<div class=\"wp-block-column is-layout-flow wp-block-column-is-layout-flow\" style=\"flex-basis:66.66%\">\n<p>Les groupes les plus cibl\u00e9s par le harc\u00e8lement de rue, selon un r\u00e9cent rapport de recherche<a  data-type=\"internal\" data-id=\"#note1\"  class=\"note-bas-de-page\" name=\"top_note1\" aria-label=\"Lien vers la note de bas de page #1\" href=\"#note1\">*<\/a> sont&nbsp;:<\/p>\n\n\n\n<ul class=\"undefined check\">\n<li>les femmes\u00a0<\/li>\n\n\n\n<li>les jeunes<\/li>\n\n\n\n<li>les personnes racis\u00e9es ou autochtones&nbsp;<\/li>\n\n\n\n<li>les personnes de la diversit\u00e9 sexuelle (homosexuelles, bisexuelles, pansexuelles, etc.) et de genre (trans, non-binaires, au genre fluide, etc.)&nbsp;<\/li>\n\n\n\n<li>les personnes en situation de handicap ou avec une limitation.<em><strong><\/strong><\/em><\/li>\n<\/ul>\n<\/div>\n<\/div>\n\n\n\n<hr class=\"wp-block-separator has-alpha-channel-opacity\"\/>\n\n\n\n<div class=\"wp-block-columns is-layout-flex wp-container-core-columns-layout-5 wp-block-columns-is-layout-flex\">\n<div class=\"wp-block-column is-layout-flow wp-block-column-is-layout-flow\" style=\"flex-basis:33.33%\">\n<h2 class=\"wp-block-heading\">Quand&nbsp;?<\/h2>\n<\/div>\n\n\n\n<div class=\"wp-block-column is-layout-flow wp-block-column-is-layout-flow\" style=\"flex-basis:66.66%\">\n<p>\u00c0 toute heure de la journ\u00e9e.<\/p>\n\n\n\n<div class=\"bloc-stm-text-theme theme-green plain boxed last-item\">\n    \n\n<p>Eh oui, vous avez bien lu&nbsp;: ces incidents ne se produisent pas qu\u2019en soir\u00e9e ou pendant la nuit !<\/p>\n\n\n<\/div>\n<\/div>\n<\/div>\n\n\n\n<hr class=\"wp-block-separator has-alpha-channel-opacity\"\/>\n\n\n\n<div class=\"wp-block-columns is-layout-flex wp-container-core-columns-layout-6 wp-block-columns-is-layout-flex\">\n<div class=\"wp-block-column is-layout-flow wp-block-column-is-layout-flow\" style=\"flex-basis:33.33%\">\n<h2 class=\"wp-block-heading\"><strong>Quelques exemples&nbsp;de harc\u00e8lement de rue&nbsp;:<\/strong><\/h2>\n<\/div>\n\n\n\n<div class=\"wp-block-column is-layout-flow wp-block-column-is-layout-flow\" style=\"flex-basis:66.66%\">\n<ul class=\"undefined x\">\n<li>Les regards insistants ou d\u00e9sapprobateurs;&nbsp;<\/li>\n\n\n\n<li>Les sifflements;&nbsp;<\/li>\n\n\n\n<li>Les remarques grossi\u00e8res et les blagues offensantes de nature sexuelle;<\/li>\n\n\n\n<li>Les commentaires d\u00e9plac\u00e9s, moqueries ou insultes;&nbsp;<\/li>\n\n\n\n<li>Les comportements d\u00e9gradants, intrusifs et non consentis;<\/li>\n\n\n\n<li>Prendre une photo ou une vid\u00e9o d&rsquo;une personne contre son gr\u00e9;<\/li>\n\n\n\n<li>Suivre une personne avec insistance;&nbsp;<\/li>\n\n\n\n<li>Les avances sexuelles.<\/li>\n<\/ul>\n\n\n\n<h3 class=\"wp-block-heading\">Le harc\u00e8lement de rue couvre \u00e9galement des actes criminels pour lesquels les personnes victimes peuvent porter plainte \u00e0 la police, comme&nbsp;:<\/h3>\n\n\n\n<ul class=\"undefined exclamation\">\n<li>Exprimer des menaces;<\/li>\n\n\n\n<li>Montrer ses parties intimes en public;<\/li>\n\n\n\n<li>Pousser ou empoigner une personne ou cracher sur elle;<\/li>\n\n\n\n<li>Faire des attouchements de mani\u00e8re non sollicit\u00e9e;&nbsp;<\/li>\n\n\n\n<li>Envoyer des photos non sollicit\u00e9es (ex.&nbsp;:&nbsp;AirDrop).<\/li>\n<\/ul>\n<\/div>\n<\/div>\n\n\n\n<div class=\"bloc-stm-title-text-call2action theme-green plain \">\n    <h2>Maintenant, voici quoi faire si vous en \u00eates t\u00e9moin<\/h2>    <div>\n                <div class=\"call2action\"><a href=\"\/fr\/temoins-5-gestes-a-poser\/\" aria-label=\"5 gestes \u00e0 poser&nbsp;: T\u00e9moins&nbsp;: 5 gestes \u00e0 poser\">5 gestes \u00e0 poser<\/a><\/div>    <\/div>\n<\/div>\n\n\n\n<div class=\"bloc-stm-faq \">\n    <h2>Questions fr\u00e9quentes<\/h2>        <div class=\"questions\">\n    <div class=\"question-item\">\n                        <a href=\"\/fr\/foire-aux-questions\/#quelles_sont_les_cons_quences_du_harc_lement_de_rue_chez_les_personnes_qui_le_vivent_\">Quelles sont les cons\u00e9quences du harc\u00e8lement de rue chez les personnes qui le vivent\u00a0?<\/a>\n                    <\/div><div class=\"question-item\">\n                        <a href=\"\/fr\/foire-aux-questions\/#qu_est_ce_qu_un_acte_criminel_\">Qu\u2019est-ce qu\u2019un acte criminel\u00a0?<\/a>\n                    <\/div>    <\/div>\n\n    <div class=\"call2action\"><a href=\"\/fr\/foire-aux-questions\/\">Toutes les questions<\/a><\/div>    \n<\/div>\n\n\n\n<hr class=\"wp-block-separator has-alpha-channel-opacity\"\/>\n\n\n\n<p class=\"note-bas-de-page line-bottom\" id=\"note1\"><sup>*<\/sup> Rapport de recherche sur le harc\u00e8lement de rue \u00e0 Montr\u00e9al. UQAM\/C\u00c9AF. Courcy, Isabelle, Lavoie Mongrain, Catherine, Blais, M\u00e9lissa (2022). <a href=\"#top_note1\" class=\"nbp-top\" aria-label=\"Retour \u00e0 la source de la note #1\" data-type=\"internal\"><img decoding=\"async\" role=\"img\" alt=\"Retour \u00e0 la source de la note #1\" src=\"\/wp-content\/themes\/stm-harcelement\/assets\/images\/back.svg\"><\/a>\n","protected":false},"excerpt":{"rendered":"<p>C&rsquo;est quoi&nbsp;? Des comportements blessants, adopt\u00e9s par des inconnus, que l\u2019on peut voir au quotidien et qui sont souvent banalis\u00e9s (ex.&nbsp;: siffler une personne dans la rue) ou des gestes criminels (ex.&nbsp;: frapper quelqu\u2019un). Comment&nbsp;? Par des paroles, des attitudes ou des gestes intrusifs, insistants, irrespectueux et non sollicit\u00e9s qui peuvent d\u00e9ranger, ins\u00e9curiser, blesser, humilier,\u2026<\/p>\n","protected":false},"author":1,"featured_media":0,"parent":0,"menu_order":0,"comment_status":"closed","ping_status":"closed","template":"","meta":{"inline_featured_image":false,"footnotes":""},"acf":[],"_links":{"self":[{"href":"https:\/\/www.temoinsagissons.ca\/fr\/wp-json\/wp\/v2\/pages\/9"}],"collection":[{"href":"https:\/\/www.temoinsagissons.ca\/fr\/wp-json\/wp\/v2\/pages"}],"about":[{"href":"https:\/\/www.temoinsagissons.ca\/fr\/wp-json\/wp\/v2\/types\/page"}],"author":[{"embeddable":true,"href":"https:\/\/www.temoinsagissons.ca\/fr\/wp-json\/wp\/v2\/users\/1"}],"replies":[{"embeddable":true,"href":"https:\/\/www.temoinsagissons.ca\/fr\/wp-json\/wp\/v2\/comments?post=9"}],"version-history":[{"count":117,"href":"https:\/\/www.temoinsagissons.ca\/fr\/wp-json\/wp\/v2\/pages\/9\/revisions"}],"predecessor-version":[{"id":1161,"href":"https:\/\/www.temoinsagissons.ca\/fr\/wp-json\/wp\/v2\/pages\/9\/revisions\/1161"}],"wp:attachment":[{"href":"https:\/\/www.temoinsagissons.ca\/fr\/wp-json\/wp\/v2\/media?parent=9"}],"curies":[{"name":"wp","href":"https:\/\/api.w.org\/{rel}","templated":true}]}}

Harcèlement de rue : c&rsquo;est quoi exactement ?

<div class="bloc-stm-text-theme theme-green plain ">
    

<p id="top1">2 personnes sur 3 ont déclaré avoir été victime de harcèlement de rue à Montréal<a   class="note-bas-de-page" name="top_note1" aria-label="Lien vers la note de bas de page #1" href="#note1" data-type="internal" data-id="#note1">*</a>.</p>



<p>Qu’on soit victime ou témoin, ces situations ont un impact sur notre qualité de vie dans les lieux publics. La première étape pour lutter contre le harcèlement de rue, c’est de le reconnaître.</p>


</div>



<div class="wp-block-columns is-layout-flex wp-container-core-columns-layout-1 wp-block-columns-is-layout-flex">
<div class="wp-block-column is-layout-flow wp-block-column-is-layout-flow" style="flex-basis:33.33%">
<h2 class="wp-block-heading">C&rsquo;est quoi&nbsp;?</h2>
</div>



<div class="wp-block-column is-layout-flow wp-block-column-is-layout-flow" style="flex-basis:66.66%">
<p>Des comportements blessants, adoptés par des inconnus, que l’on peut voir au quotidien et qui sont souvent banalisés (ex.&nbsp;: siffler une personne dans la rue) ou des gestes criminels (ex.&nbsp;: frapper quelqu’un).</p>



<div class="bloc-stm-text-theme theme-green plain boxed last-item">
    

<p>Ces violences peuvent être basées, par exemple, sur le genre, l&rsquo;origine, la couleur de peau, le handicap, l’âge, l’orientation sexuelle, la langue ou le port de signes religieux.</p>


</div>
</div>
</div>



<hr class="wp-block-separator has-alpha-channel-opacity"/>



<div class="wp-block-columns is-layout-flex wp-container-core-columns-layout-2 wp-block-columns-is-layout-flex">
<div class="wp-block-column is-layout-flow wp-block-column-is-layout-flow" style="flex-basis:33.33%">
<h2 class="wp-block-heading">Comment&nbsp;?</h2>
</div>



<div class="wp-block-column is-layout-flow wp-block-column-is-layout-flow" style="flex-basis:66.66%">
<p>Par des paroles, des attitudes ou des gestes intrusifs, insistants, irrespectueux et non sollicités qui peuvent déranger, insécuriser, blesser, humilier, voire exclure socialement une personne.</p>
</div>
</div>



<hr class="wp-block-separator has-alpha-channel-opacity"/>



<div class="wp-block-columns is-layout-flex wp-container-core-columns-layout-3 wp-block-columns-is-layout-flex">
<div class="wp-block-column is-layout-flow wp-block-column-is-layout-flow" style="flex-basis:33.33%">
<h2 class="wp-block-heading">Où&nbsp;?</h2>
</div>



<div class="wp-block-column is-layout-flow wp-block-column-is-layout-flow" style="flex-basis:66.66%">
<p>Dans l’ensemble des lieux publics.</p>



<div class="bloc-stm-text-theme theme-green plain boxed last-item">
    

<p>L’expression peut porter à confusion. Le harcèlement de rue, contrairement à ce que son nom indique, peut se produire dans tous les lieux publics (pas seulement dans la rue!), comme au parc, à l’arrêt de bus, dans le métro, un bar, un centre commercial, ou un musée.</p>


</div>
</div>
</div>



<hr class="wp-block-separator has-alpha-channel-opacity"/>



<div class="wp-block-columns is-layout-flex wp-container-core-columns-layout-4 wp-block-columns-is-layout-flex">
<div class="wp-block-column is-layout-flow wp-block-column-is-layout-flow" style="flex-basis:33.33%">
<h2 class="wp-block-heading">Qui est ciblé&nbsp;?</h2>
</div>



<div class="wp-block-column is-layout-flow wp-block-column-is-layout-flow" style="flex-basis:66.66%">
<p>Les groupes les plus ciblés par le harcèlement de rue, selon un récent rapport de recherche<a  data-type="internal" data-id="#note1"  class="note-bas-de-page" name="top_note1" aria-label="Lien vers la note de bas de page #1" href="#note1">*</a> sont&nbsp;:</p>



<ul class="undefined check">
<li>les femmes </li>



<li>les jeunes</li>



<li>les personnes racisées ou autochtones&nbsp;</li>



<li>les personnes de la diversité sexuelle (homosexuelles, bisexuelles, pansexuelles, etc.) et de genre (trans, non-binaires, au genre fluide, etc.)&nbsp;</li>



<li>les personnes en situation de handicap ou avec une limitation.<em><strong></strong></em></li>
</ul>
</div>
</div>



<hr class="wp-block-separator has-alpha-channel-opacity"/>



<div class="wp-block-columns is-layout-flex wp-container-core-columns-layout-5 wp-block-columns-is-layout-flex">
<div class="wp-block-column is-layout-flow wp-block-column-is-layout-flow" style="flex-basis:33.33%">
<h2 class="wp-block-heading">Quand&nbsp;?</h2>
</div>



<div class="wp-block-column is-layout-flow wp-block-column-is-layout-flow" style="flex-basis:66.66%">
<p>À toute heure de la journée.</p>



<div class="bloc-stm-text-theme theme-green plain boxed last-item">
    

<p>Eh oui, vous avez bien lu&nbsp;: ces incidents ne se produisent pas qu’en soirée ou pendant la nuit !</p>


</div>
</div>
</div>



<hr class="wp-block-separator has-alpha-channel-opacity"/>



<div class="wp-block-columns is-layout-flex wp-container-core-columns-layout-6 wp-block-columns-is-layout-flex">
<div class="wp-block-column is-layout-flow wp-block-column-is-layout-flow" style="flex-basis:33.33%">
<h2 class="wp-block-heading"><strong>Quelques exemples&nbsp;de harcèlement de rue&nbsp;:</strong></h2>
</div>



<div class="wp-block-column is-layout-flow wp-block-column-is-layout-flow" style="flex-basis:66.66%">
<ul class="undefined x">
<li>Les regards insistants ou désapprobateurs;&nbsp;</li>



<li>Les sifflements;&nbsp;</li>



<li>Les remarques grossières et les blagues offensantes de nature sexuelle;</li>



<li>Les commentaires déplacés, moqueries ou insultes;&nbsp;</li>



<li>Les comportements dégradants, intrusifs et non consentis;</li>



<li>Prendre une photo ou une vidéo d&rsquo;une personne contre son gré;</li>



<li>Suivre une personne avec insistance;&nbsp;</li>



<li>Les avances sexuelles.</li>
</ul>



<h3 class="wp-block-heading">Le harcèlement de rue couvre également des actes criminels pour lesquels les personnes victimes peuvent porter plainte à la police, comme&nbsp;:</h3>



<ul class="undefined exclamation">
<li>Exprimer des menaces;</li>



<li>Montrer ses parties intimes en public;</li>



<li>Pousser ou empoigner une personne ou cracher sur elle;</li>



<li>Faire des attouchements de manière non sollicitée;&nbsp;</li>



<li>Envoyer des photos non sollicitées (ex.&nbsp;:&nbsp;AirDrop).</li>
</ul>
</div>
</div>



<div class="bloc-stm-title-text-call2action theme-green plain ">
    <h2>Maintenant, voici quoi faire si vous en êtes témoin</h2>    <div>
                <div class="call2action"><a href="/fr/temoins-5-gestes-a-poser/" aria-label="5 gestes à poser&nbsp;: Témoins&nbsp;: 5 gestes à poser">5 gestes à poser</a></div>    </div>
</div>



<div class="bloc-stm-faq ">
    <h2>Questions fréquentes</h2>        <div class="questions">
    <div class="question-item">
                        <a href="/fr/foire-aux-questions/#quelles_sont_les_cons_quences_du_harc_lement_de_rue_chez_les_personnes_qui_le_vivent_">Quelles sont les conséquences du harcèlement de rue chez les personnes qui le vivent ?</a>
                    </div><div class="question-item">
                        <a href="/fr/foire-aux-questions/#qu_est_ce_qu_un_acte_criminel_">Qu’est-ce qu’un acte criminel ?</a>
                    </div>    </div>

    <div class="call2action"><a href="/fr/foire-aux-questions/">Toutes les questions</a></div>    
</div>



<hr class="wp-block-separator has-alpha-channel-opacity"/>



<p class="note-bas-de-page line-bottom" id="note1"><sup>*</sup> Rapport de recherche sur le harcèlement de rue à Montréal. UQAM/CÉAF. Courcy, Isabelle, Lavoie Mongrain, Catherine, Blais, Mélissa (2022). <a href="#top_note1" class="nbp-top" aria-label="Retour à la source de la note #1" data-type="internal"><img decoding="async" role="img" alt="Retour à la source de la note #1" src="/wp-content/themes/stm-harcelement/assets/images/back.svg"></a>

<p>C&rsquo;est quoi&nbsp;? Des comportements blessants, adoptés par des inconnus, que l’on peut voir au quotidien et qui sont souvent banalisés (ex.&nbsp;: siffler une personne dans la rue) ou des gestes criminels (ex.&nbsp;: frapper quelqu’un). Comment&nbsp;? Par des paroles, des attitudes ou des gestes intrusifs, insistants, irrespectueux et non sollicités qui peuvent déranger, insécuriser, blesser, humilier,…</p>
