{"id":310,"date":"2023-01-25T12:07:18","date_gmt":"2023-01-25T17:07:18","guid":{"rendered":"https:\/\/qa.stm-harcelement.nurunmtl.com\/?page_id=310"},"modified":"2023-02-21T04:21:04","modified_gmt":"2023-02-21T09:21:04","slug":"quest-ce-que-le-module-des-incidents-et-crimes-haineux-mich","status":"publish","type":"page","link":"https:\/\/www.temoinsagissons.ca\/fr\/foire-aux-questions\/quest-ce-que-le-module-des-incidents-et-crimes-haineux-mich\/","title":{"rendered":"Qu\u2019est-ce que le Module des incidents et crimes haineux (MICH)\u00a0?"},"content":{"rendered":"\n<p>Le Module des incidents et crimes haineux (MICH) est une unit\u00e9 sp\u00e9cialis\u00e9e au sein du SPVM. Cela permet au Service de d\u00e9velopper une expertise plus pointue, d\u2019avoir une vue d\u2019ensemble des probl\u00e9matiques actuelles, de suivre l&rsquo;\u00e9volution de celles-ci, et de renforcer ses partenariats avec les diff\u00e9rentes communaut\u00e9s culturelles.<\/p>\n\n\n\n<p>Les membres du personnel du MICH traitent exclusivement les incidents et les crimes motiv\u00e9s par la haine, que ce soit par le biais d\u2019enqu\u00eates, d\u2019analyses ou d\u2019activit\u00e9s de pr\u00e9vention.<\/p>\n\n\n\n<p>Il peut s\u2019agir, par exemple, de menaces ou d\u2019une agression physique. Vous pouvez <a rel=\"noreferrer noopener\" href=\"https:\/\/spvm.qc.ca\/fr\/Fiches\/Details\/Module-des-incidents-et-des-crimes-haineux-MICH\" target=\"_blank\">signaler un incident haineux en remplissant un formulaire en ligne<\/a>.<\/p>\n\n\n\n<p><a href=\"https:\/\/www.youtube.com\/watch?v=4-KtI7BDAuw\" target=\"_blank\" rel=\"noreferrer noopener\">Pour en apprendre davantage sur le MICH (vid\u00e9o)<\/a><\/p>\n","protected":false},"excerpt":{"rendered":"<p>Le Module des incidents et crimes haineux (MICH) est une unit\u00e9 sp\u00e9cialis\u00e9e au sein du SPVM. Cela permet au Service de d\u00e9velopper une expertise plus pointue, d\u2019avoir une vue d\u2019ensemble des probl\u00e9matiques actuelles, de suivre l&rsquo;\u00e9volution de celles-ci, et de renforcer ses partenariats avec les diff\u00e9rentes communaut\u00e9s culturelles. Les membres du personnel du MICH traitent\u2026<\/p>\n","protected":false},"author":1,"featured_media":0,"parent":44,"menu_order":12,"comment_status":"closed","ping_status":"closed","template":"","meta":{"inline_featured_image":false,"footnotes":""},"acf":[],"_links":{"self":[{"href":"https:\/\/www.temoinsagissons.ca\/fr\/wp-json\/wp\/v2\/pages\/310"}],"collection":[{"href":"https:\/\/www.temoinsagissons.ca\/fr\/wp-json\/wp\/v2\/pages"}],"about":[{"href":"https:\/\/www.temoinsagissons.ca\/fr\/wp-json\/wp\/v2\/types\/page"}],"author":[{"embeddable":true,"href":"https:\/\/www.temoinsagissons.ca\/fr\/wp-json\/wp\/v2\/users\/1"}],"replies":[{"embeddable":true,"href":"https:\/\/www.temoinsagissons.ca\/fr\/wp-json\/wp\/v2\/comments?post=310"}],"version-history":[{"count":8,"href":"https:\/\/www.temoinsagissons.ca\/fr\/wp-json\/wp\/v2\/pages\/310\/revisions"}],"predecessor-version":[{"id":694,"href":"https:\/\/www.temoinsagissons.ca\/fr\/wp-json\/wp\/v2\/pages\/310\/revisions\/694"}],"up":[{"embeddable":true,"href":"https:\/\/www.temoinsagissons.ca\/fr\/wp-json\/wp\/v2\/pages\/44"}],"wp:attachment":[{"href":"https:\/\/www.temoinsagissons.ca\/fr\/wp-json\/wp\/v2\/media?parent=310"}],"curies":[{"name":"wp","href":"https:\/\/api.w.org\/{rel}","templated":true}]}}

<p>Le Module des incidents et crimes haineux (MICH) est une unité spécialisée au sein du SPVM. Cela permet au Service de développer une expertise plus pointue, d’avoir une vue d’ensemble des problématiques actuelles, de suivre l&rsquo;évolution de celles-ci, et de renforcer ses partenariats avec les différentes communautés culturelles.</p>



<p>Les membres du personnel du MICH traitent exclusivement les incidents et les crimes motivés par la haine, que ce soit par le biais d’enquêtes, d’analyses ou d’activités de prévention.</p>



<p>Il peut s’agir, par exemple, de menaces ou d’une agression physique. Vous pouvez <a rel="noreferrer noopener" href="https://spvm.qc.ca/fr/Fiches/Details/Module-des-incidents-et-des-crimes-haineux-MICH" target="_blank">signaler un incident haineux en remplissant un formulaire en ligne</a>.</p>



<p><a href="https://www.youtube.com/watch?v=4-KtI7BDAuw" target="_blank" rel="noreferrer noopener">Pour en apprendre davantage sur le MICH (vidéo)</a></p>

<p>Le Module des incidents et crimes haineux (MICH) est une unité spécialisée au sein du SPVM. Cela permet au Service de développer une expertise plus pointue, d’avoir une vue d’ensemble des problématiques actuelles, de suivre l&rsquo;évolution de celles-ci, et de renforcer ses partenariats avec les différentes communautés culturelles. Les membres du personnel du MICH traitent…</p>
