{"id":405,"date":"2023-01-11T21:24:46","date_gmt":"2023-01-12T02:24:46","guid":{"rendered":"https:\/\/qa.stm-harcelement.nurunmtl.com\/?page_id=405"},"modified":"2023-06-08T14:08:34","modified_gmt":"2023-06-08T18:08:34","slug":"about-this-initiative","status":"publish","type":"page","link":"https:\/\/www.temoinsagissons.ca\/en\/about-this-initiative\/","title":{"rendered":"About this initiative"},"content":{"rendered":"\n<div class=\"wp-block-columns is-layout-flex wp-container-core-columns-layout-1 wp-block-columns-is-layout-flex\">\n<div class=\"wp-block-column is-layout-flow wp-block-column-is-layout-flow\" style=\"flex-basis:33.33%\">\n<h2 class=\"wp-block-heading\"><strong>Working together to fight street harassment<\/strong><\/h2>\n<\/div>\n\n\n\n<div class=\"wp-block-column is-layout-flow wp-block-column-is-layout-flow\" style=\"flex-basis:66.66%\">\n<p class=\"regular\">Our city is no exception to the problem of street harassment.&nbsp;The City of Montr\u00e9al, the <span class=\"fr\">Service de police de la Ville de Montr\u00e9al<\/span> (SPVM) and the <span class=\"fr\">Soci\u00e9t\u00e9 de transport de Montr\u00e9al<\/span> (STM) are working together to fight street harassment in Montr\u00e9al by taking concrete action to make public spaces safer and more welcoming for everyone.<\/p>\n<\/div>\n<\/div>\n\n\n\n<hr class=\"wp-block-separator has-alpha-channel-opacity\"\/>\n\n\n\n<div class=\"wp-block-columns is-layout-flex wp-container-core-columns-layout-2 wp-block-columns-is-layout-flex\">\n<div class=\"wp-block-column is-layout-flow wp-block-column-is-layout-flow\" style=\"flex-basis:33.33%\">\n<h2 class=\"wp-block-heading\"><strong><strong>Street harassment: stop it<\/strong><\/strong>. Witnesses, take action.<\/h2>\n<\/div>\n\n\n\n<div class=\"wp-block-column is-layout-flow wp-block-column-is-layout-flow\" style=\"flex-basis:66.66%\">\n<p class=\"regular\">In collaboration with community organizations, we are raising public awareness with a campaign titled \u201cStreet harassment&nbsp;: stop it. Witnesses, take action.\u201d to inform people on how to recognize street harassment and what to do if they witness it.<\/p>\n<\/div>\n<\/div>\n\n\n\n<hr class=\"wp-block-separator has-alpha-channel-opacity\"\/>\n\n\n\n<div class=\"wp-block-columns is-layout-flex wp-container-core-columns-layout-3 wp-block-columns-is-layout-flex\">\n<div class=\"wp-block-column is-layout-flow wp-block-column-is-layout-flow\" style=\"flex-basis:33.33%\">\n<h2 class=\"wp-block-heading\"><strong>Witnesses play an important role<\/strong><\/h2>\n<\/div>\n\n\n\n<div class=\"wp-block-column is-layout-flow wp-block-column-is-layout-flow\" style=\"flex-basis:66.66%\">\n<p class=\"regular\">In just over half of reported incidents, nobody stepped in to help the target<a   class=\"note-bas-de-page\" name=\"top_note1\" aria-label=\"Link to the footnote #1\" href=\"#note1\">*<\/a>.&nbsp;We all need to come together to fight street harassment.&nbsp;The first step is raising awareness.&nbsp;The downplaying of street harassment is part of why the problem still exists and why this behaviour is seen as normal.<\/p>\n\n\n\n<p class=\"regular\">Getting involved can be intimidating.&nbsp;Take action in whatever way you feel most comfortable.&nbsp;It doesn\u2019t matter what you decide to do\u2014even small actions can make all the difference.&nbsp;The important thing is to learn how to recognize street harassment and take action as a community.<\/p>\n\n\n\n<ul class=\"arrow\">\n<li class=\"last-item\"><a href=\"\/en\/witnesses-5-things-you-can-do\/\" data-type=\"page\">5 things you can do<\/a><\/li>\n<\/ul>\n<\/div>\n<\/div>\n\n\n\n<hr class=\"wp-block-separator has-alpha-channel-opacity\"\/>\n\n\n\n<div class=\"wp-block-columns is-layout-flex wp-container-core-columns-layout-4 wp-block-columns-is-layout-flex\">\n<div class=\"wp-block-column is-layout-flow wp-block-column-is-layout-flow\" style=\"flex-basis:33.33%\">\n<h2 class=\"wp-block-heading\"><strong>Safe public spaces for all<\/strong><\/h2>\n<\/div>\n\n\n\n<div class=\"wp-block-column is-layout-flow wp-block-column-is-layout-flow\" style=\"flex-basis:66.66%\">\n<p class=\"regular\">Everyone has the right to move freely in public spaces, regardless of gender, nationality, age, social status, ability, skin colour, religion or sexual orientation.&nbsp;The City of Montr\u00e9al has been working to fight street harassment for a number of years.&nbsp;It intends to continue preventing street harassment to ensure a welcoming, tolerant and violence-free city for all.<\/p>\n<\/div>\n<\/div>\n\n\n\n<hr class=\"wp-block-separator has-alpha-channel-opacity\"\/>\n\n\n\n<div class=\"wp-block-columns is-layout-flex wp-container-core-columns-layout-5 wp-block-columns-is-layout-flex\">\n<div class=\"wp-block-column is-layout-flow wp-block-column-is-layout-flow\" style=\"flex-basis:33.33%\">\n<h2 class=\"wp-block-heading\"><strong><strong>City of Montr\u00e9al actions for a safe and equitable city<\/strong><\/strong><\/h2>\n<\/div>\n\n\n\n<div class=\"wp-block-column is-layout-flow wp-block-column-is-layout-flow\" style=\"flex-basis:66.66%\">\n<ul class=\"disc\">\n<li>City council declaration against sexualized violence (2018)<\/li>\n\n\n\n<li>Participation in UN Women\u2019s global initiative \u201cSafe Cities and Safe Public Spaces\u201d (2019)<\/li>\n\n\n\n<li>Support for community initiatives to prevent sexualized violence in public spaces<\/li>\n\n\n\n<li>Financial support for the development of quantitative research on street harassment in Montr\u00e9al (2021)<\/li>\n\n\n\n<li>Preparation and distribution of a guide to safe urban planning principles, <span class=\"fr\">\u201cCr\u00e9er des lieux publics o\u00f9 l\u2019on se sent en s\u00e9curit\u00e9\u201d<\/span>&nbsp;[Creating public spaces where people feel safe] (2022), advocating for the design of safe infrastructure and public spaces for girls, women and the general public.<\/li>\n\n\n\n<li class=\"last-item\">City council declaration to strengthen the fight against street harassment in Montr\u00e9al (2022)<\/li>\n<\/ul>\n<\/div>\n<\/div>\n\n\n\n<hr class=\"wp-block-separator has-alpha-channel-opacity\"\/>\n\n\n\n<div class=\"wp-block-columns is-layout-flex wp-container-core-columns-layout-6 wp-block-columns-is-layout-flex\">\n<div class=\"wp-block-column is-layout-flow wp-block-column-is-layout-flow\" style=\"flex-basis:33.33%\">\n<h2 class=\"wp-block-heading\"><strong><strong>STM actions for a welcoming public transit network<\/strong><\/strong><\/h2>\n<\/div>\n\n\n\n<div class=\"wp-block-column is-layout-flow wp-block-column-is-layout-flow\" style=\"flex-basis:66.66%\">\n<ul class=\"undefined disc\">\n<li>Between Stops service expanded to be available to anyone travelling alone or with a child between 7:30 p.m. and 5:30 a.m. year-round. The service was established by the STM in 1996.&nbsp;It was initially for women only but was expanded in September 2022.&nbsp;<\/li>\n\n\n\n<li>Front-line staff made aware of empathetic ways to interact with targets and witnesses of harassment,&nbsp;as well as how to report an incident and direct customers to help and support services.<\/li>\n\n\n\n<li class=\"last-item\">STM special constables tasked with patrolling facilities. Teams work closely with the SPVM.<\/li>\n<\/ul>\n<\/div>\n<\/div>\n\n\n\n<hr class=\"wp-block-separator has-alpha-channel-opacity\"\/>\n\n\n\n<div class=\"wp-block-columns is-layout-flex wp-container-core-columns-layout-7 wp-block-columns-is-layout-flex\">\n<div class=\"wp-block-column is-layout-flow wp-block-column-is-layout-flow\" style=\"flex-basis:33.33%\">\n<h2 class=\"wp-block-heading\"><strong>SPVM dedicated platform for hate crimes and hate incidents<\/strong><\/h2>\n<\/div>\n\n\n\n<div class=\"wp-block-column is-layout-flow wp-block-column-is-layout-flow\" style=\"flex-basis:66.66%\">\n<p class=\"regular\">The Module des incidents et crimes haineux (MICH) is a specialized unit of the SPVM created in 2016.<\/p>\n\n\n\n<p class=\"regular\">Its purpose is to prevent and combat hate crimes and hate incidents and make Montrealers feel safer.&nbsp;<a href=\"https:\/\/www.youtube.com\/watch?v=4-KtI7BDAuw\" target=\"_blank\" rel=\"noreferrer noopener\">Learn more about why it\u2019s important to report these incidents (video in French)<\/a>.<\/p>\n\n\n\n<p class=\"regular\">The MICH deals exclusively with crimes and incidents that are motivated by hate, conducting investigations, analyses and prevention activities.<\/p>\n<\/div>\n<\/div>\n\n\n\n<hr class=\"wp-block-separator has-alpha-channel-opacity\"\/>\n\n\n\n<div class=\"wp-block-columns is-layout-flex wp-container-core-columns-layout-8 wp-block-columns-is-layout-flex\">\n<div class=\"wp-block-column is-layout-flow wp-block-column-is-layout-flow\" style=\"flex-basis:33.33%\"><\/div>\n\n\n\n<div class=\"wp-block-column is-layout-flow wp-block-column-is-layout-flow\" style=\"flex-basis:66.66%\">\n<h3 class=\"wp-block-heading\">We would also like to thank the following organizations for their contributions to this campaign:<\/h3>\n\n\n\n<ul class=\"arrow\">\n<li class=\"fr\"><a href=\"https:\/\/cavac.qc.ca\/en\/\" target=\"_blank\" rel=\"noreferrer noopener\">Crime Victims Assistance Centres (CAVACs)<\/a><\/li>\n\n\n\n<li class=\"fr\"><a href=\"https:\/\/www.ceaf-montreal.qc.ca\/\" target=\"_blank\" rel=\"noreferrer noopener\">Centre d\u2019\u00e9ducation et d\u2019action des femmes de Montr\u00e9al  (in French)<\/a><\/li>\n\n\n\n<li class=\"fr\"><a href=\"https:\/\/criccentresud.org\/\" target=\"_blank\" rel=\"noreferrer noopener\">Centre de ressources en interculturel (in French)<\/a><\/li>\n\n\n\n<li class=\"fr\"><a href=\"https:\/\/www.cvasm.org\/en\/\" target=\"_blank\" rel=\"noreferrer noopener\">Montreal Sexual Assault Centre (MSAC)<\/a><\/li>\n\n\n\n<li class=\"fr\"><a href=\"http:\/\/www.commandeunangelot.com\/the-project\" target=\"_blank\" rel=\"noreferrer noopener\">Social Collective<\/a><\/li>\n\n\n\n<li class=\"fr\"><a href=\"https:\/\/ville.montreal.qc.ca\/portal\/page?_pageid=6737,60597570&amp;_dad=portal&amp;_schema=PORTAL\" target=\"_blank\" rel=\"noreferrer noopener\">Conseil des Montr\u00e9alaises<\/a><\/li>\n\n\n\n<li class=\"fr\"><a href=\"https:\/\/ineeipsh.org\/\" target=\"_blank\" rel=\"noreferrer noopener\">Institut National pour l\u2019\u00c9quit\u00e9, l\u2019\u00c9galit\u00e9 et l\u2019Inclusion IN\u00c9\u00c9I \u2013 PSH (in French)<\/a><\/li>\n\n\n\n<li class=\"fr\"><a href=\"https:\/\/interligne.co\/en\" target=\"_blank\" rel=\"noreferrer noopener\">Interligne<\/a><\/li>\n\n\n\n<li class=\"fr\"><a href=\"https:\/\/www.instagram.com\/lavoixdesjeunescompte\/?hl=fr\" target=\"_blank\" rel=\"noopener\">La voix des jeunes compte (in French)<\/a><\/li>\n\n\n\n<li class=\"fr last-item\"><a rel=\"noreferrer noopener\" href=\"https:\/\/www.tgfm.org\/en\" target=\"_blank\">Table des groupes de femmes de Montr\u00e9al<\/a><\/li>\n<\/ul>\n<\/div>\n<\/div>\n\n\n\n<hr class=\"wp-block-separator has-alpha-channel-opacity\"\/>\n\n\n\n<div class=\"bloc-stm-faq \">\n    <h2>Frequently asked questions<\/h2>        <div class=\"questions\">\n    <div class=\"question-item\">\n                        <a href=\"\/en\/frequently-asked-questions\/#what_is_street_harassment_\">What is street harassment?<\/a>\n                    <\/div><div class=\"question-item\">\n                        <a href=\"\/en\/frequently-asked-questions\/#how_does_street_harassment_affect_the_target_\">How does street harassment affect the target?<\/a>\n                    <\/div>    <\/div>\n\n    <div class=\"call2action\"><a href=\"\/en\/frequently-asked-questions\/\">All the questions<\/a><\/div>    \n<\/div>\n\n\n\n<hr class=\"wp-block-separator has-alpha-channel-opacity\"\/>\n\n\n\n<p class=\"note-bas-de-page fr line-bottom\" id=\"note1\"><sup>*<\/sup> \u201cRapport de recherche sur le harc\u00e8lement de rue \u00e0 Montr\u00e9al.\u201d UQAM\/C\u00c9AF. Courcy, Isabelle,&nbsp;Lavoie&nbsp;Mongrain,&nbsp;Catherine,&nbsp;Blais, M\u00e9lissa (2022). <a href=\"#top_note1\" class=\"nbp-top\" aria-label=\"Back to the source #1\" data-type=\"internal\"><img decoding=\"async\" role=\"img\" alt=\"Back to the source #1\" src=\"\/wp-content\/themes\/stm-harcelement\/assets\/images\/back.svg\"><\/a>\n","protected":false},"excerpt":{"rendered":"<p>Working together to fight street harassment Our city is no exception to the problem of street harassment.&nbsp;The City of Montr\u00e9al, the Service de police de la Ville de Montr\u00e9al (SPVM) and the Soci\u00e9t\u00e9 de transport de Montr\u00e9al (STM) are working together to fight street harassment in Montr\u00e9al by taking concrete action to make public spaces\u2026<\/p>\n","protected":false},"author":1,"featured_media":0,"parent":0,"menu_order":0,"comment_status":"closed","ping_status":"closed","template":"","meta":{"inline_featured_image":false,"footnotes":""},"acf":[],"_links":{"self":[{"href":"https:\/\/www.temoinsagissons.ca\/en\/wp-json\/wp\/v2\/pages\/405"}],"collection":[{"href":"https:\/\/www.temoinsagissons.ca\/en\/wp-json\/wp\/v2\/pages"}],"about":[{"href":"https:\/\/www.temoinsagissons.ca\/en\/wp-json\/wp\/v2\/types\/page"}],"author":[{"embeddable":true,"href":"https:\/\/www.temoinsagissons.ca\/en\/wp-json\/wp\/v2\/users\/1"}],"replies":[{"embeddable":true,"href":"https:\/\/www.temoinsagissons.ca\/en\/wp-json\/wp\/v2\/comments?post=405"}],"version-history":[{"count":34,"href":"https:\/\/www.temoinsagissons.ca\/en\/wp-json\/wp\/v2\/pages\/405\/revisions"}],"predecessor-version":[{"id":1153,"href":"https:\/\/www.temoinsagissons.ca\/en\/wp-json\/wp\/v2\/pages\/405\/revisions\/1153"}],"wp:attachment":[{"href":"https:\/\/www.temoinsagissons.ca\/en\/wp-json\/wp\/v2\/media?parent=405"}],"curies":[{"name":"wp","href":"https:\/\/api.w.org\/{rel}","templated":true}]}}

<div class="wp-block-columns is-layout-flex wp-container-core-columns-layout-1 wp-block-columns-is-layout-flex">
<div class="wp-block-column is-layout-flow wp-block-column-is-layout-flow" style="flex-basis:33.33%">
<h2 class="wp-block-heading"><strong>Working together to fight street harassment</strong></h2>
</div>



<div class="wp-block-column is-layout-flow wp-block-column-is-layout-flow" style="flex-basis:66.66%">
<p class="regular">Our city is no exception to the problem of street harassment.&nbsp;The City of Montréal, the <span class="fr">Service de police de la Ville de Montréal</span> (SPVM) and the <span class="fr">Société de transport de Montréal</span> (STM) are working together to fight street harassment in Montréal by taking concrete action to make public spaces safer and more welcoming for everyone.</p>
</div>
</div>



<hr class="wp-block-separator has-alpha-channel-opacity"/>



<div class="wp-block-columns is-layout-flex wp-container-core-columns-layout-2 wp-block-columns-is-layout-flex">
<div class="wp-block-column is-layout-flow wp-block-column-is-layout-flow" style="flex-basis:33.33%">
<h2 class="wp-block-heading"><strong><strong>Street harassment: stop it</strong></strong>. Witnesses, take action.</h2>
</div>



<div class="wp-block-column is-layout-flow wp-block-column-is-layout-flow" style="flex-basis:66.66%">
<p class="regular">In collaboration with community organizations, we are raising public awareness with a campaign titled “Street harassment&nbsp;: stop it. Witnesses, take action.” to inform people on how to recognize street harassment and what to do if they witness it.</p>
</div>
</div>



<hr class="wp-block-separator has-alpha-channel-opacity"/>



<div class="wp-block-columns is-layout-flex wp-container-core-columns-layout-3 wp-block-columns-is-layout-flex">
<div class="wp-block-column is-layout-flow wp-block-column-is-layout-flow" style="flex-basis:33.33%">
<h2 class="wp-block-heading"><strong>Witnesses play an important role</strong></h2>
</div>



<div class="wp-block-column is-layout-flow wp-block-column-is-layout-flow" style="flex-basis:66.66%">
<p class="regular">In just over half of reported incidents, nobody stepped in to help the target<a   class="note-bas-de-page" name="top_note1" aria-label="Link to the footnote #1" href="#note1">*</a>.&nbsp;We all need to come together to fight street harassment.&nbsp;The first step is raising awareness.&nbsp;The downplaying of street harassment is part of why the problem still exists and why this behaviour is seen as normal.</p>



<p class="regular">Getting involved can be intimidating.&nbsp;Take action in whatever way you feel most comfortable.&nbsp;It doesn’t matter what you decide to do—even small actions can make all the difference.&nbsp;The important thing is to learn how to recognize street harassment and take action as a community.</p>



<ul class="arrow">
<li class="last-item"><a href="/en/witnesses-5-things-you-can-do/" data-type="page">5 things you can do</a></li>
</ul>
</div>
</div>



<hr class="wp-block-separator has-alpha-channel-opacity"/>



<div class="wp-block-columns is-layout-flex wp-container-core-columns-layout-4 wp-block-columns-is-layout-flex">
<div class="wp-block-column is-layout-flow wp-block-column-is-layout-flow" style="flex-basis:33.33%">
<h2 class="wp-block-heading"><strong>Safe public spaces for all</strong></h2>
</div>



<div class="wp-block-column is-layout-flow wp-block-column-is-layout-flow" style="flex-basis:66.66%">
<p class="regular">Everyone has the right to move freely in public spaces, regardless of gender, nationality, age, social status, ability, skin colour, religion or sexual orientation.&nbsp;The City of Montréal has been working to fight street harassment for a number of years.&nbsp;It intends to continue preventing street harassment to ensure a welcoming, tolerant and violence-free city for all.</p>
</div>
</div>



<hr class="wp-block-separator has-alpha-channel-opacity"/>



<div class="wp-block-columns is-layout-flex wp-container-core-columns-layout-5 wp-block-columns-is-layout-flex">
<div class="wp-block-column is-layout-flow wp-block-column-is-layout-flow" style="flex-basis:33.33%">
<h2 class="wp-block-heading"><strong><strong>City of Montréal actions for a safe and equitable city</strong></strong></h2>
</div>



<div class="wp-block-column is-layout-flow wp-block-column-is-layout-flow" style="flex-basis:66.66%">
<ul class="disc">
<li>City council declaration against sexualized violence (2018)</li>



<li>Participation in UN Women’s global initiative “Safe Cities and Safe Public Spaces” (2019)</li>



<li>Support for community initiatives to prevent sexualized violence in public spaces</li>



<li>Financial support for the development of quantitative research on street harassment in Montréal (2021)</li>



<li>Preparation and distribution of a guide to safe urban planning principles, <span class="fr">“Créer des lieux publics où l’on se sent en sécurité”</span>&nbsp;[Creating public spaces where people feel safe] (2022), advocating for the design of safe infrastructure and public spaces for girls, women and the general public.</li>



<li class="last-item">City council declaration to strengthen the fight against street harassment in Montréal (2022)</li>
</ul>
</div>
</div>



<hr class="wp-block-separator has-alpha-channel-opacity"/>



<div class="wp-block-columns is-layout-flex wp-container-core-columns-layout-6 wp-block-columns-is-layout-flex">
<div class="wp-block-column is-layout-flow wp-block-column-is-layout-flow" style="flex-basis:33.33%">
<h2 class="wp-block-heading"><strong><strong>STM actions for a welcoming public transit network</strong></strong></h2>
</div>



<div class="wp-block-column is-layout-flow wp-block-column-is-layout-flow" style="flex-basis:66.66%">
<ul class="undefined disc">
<li>Between Stops service expanded to be available to anyone travelling alone or with a child between 7:30 p.m. and 5:30 a.m. year-round. The service was established by the STM in 1996.&nbsp;It was initially for women only but was expanded in September 2022.&nbsp;</li>



<li>Front-line staff made aware of empathetic ways to interact with targets and witnesses of harassment,&nbsp;as well as how to report an incident and direct customers to help and support services.</li>



<li class="last-item">STM special constables tasked with patrolling facilities. Teams work closely with the SPVM.</li>
</ul>
</div>
</div>



<hr class="wp-block-separator has-alpha-channel-opacity"/>



<div class="wp-block-columns is-layout-flex wp-container-core-columns-layout-7 wp-block-columns-is-layout-flex">
<div class="wp-block-column is-layout-flow wp-block-column-is-layout-flow" style="flex-basis:33.33%">
<h2 class="wp-block-heading"><strong>SPVM dedicated platform for hate crimes and hate incidents</strong></h2>
</div>



<div class="wp-block-column is-layout-flow wp-block-column-is-layout-flow" style="flex-basis:66.66%">
<p class="regular">The Module des incidents et crimes haineux (MICH) is a specialized unit of the SPVM created in 2016.</p>



<p class="regular">Its purpose is to prevent and combat hate crimes and hate incidents and make Montrealers feel safer.&nbsp;<a href="https://www.youtube.com/watch?v=4-KtI7BDAuw" target="_blank" rel="noreferrer noopener">Learn more about why it’s important to report these incidents (video in French)</a>.</p>



<p class="regular">The MICH deals exclusively with crimes and incidents that are motivated by hate, conducting investigations, analyses and prevention activities.</p>
</div>
</div>



<hr class="wp-block-separator has-alpha-channel-opacity"/>



<div class="wp-block-columns is-layout-flex wp-container-core-columns-layout-8 wp-block-columns-is-layout-flex">
<div class="wp-block-column is-layout-flow wp-block-column-is-layout-flow" style="flex-basis:33.33%"></div>



<div class="wp-block-column is-layout-flow wp-block-column-is-layout-flow" style="flex-basis:66.66%">
<h3 class="wp-block-heading">We would also like to thank the following organizations for their contributions to this campaign:</h3>



<ul class="arrow">
<li class="fr"><a href="https://cavac.qc.ca/en/" target="_blank" rel="noreferrer noopener">Crime Victims Assistance Centres (CAVACs)</a></li>



<li class="fr"><a href="https://www.ceaf-montreal.qc.ca/" target="_blank" rel="noreferrer noopener">Centre d’éducation et d’action des femmes de Montréal  (in French)</a></li>



<li class="fr"><a href="https://criccentresud.org/" target="_blank" rel="noreferrer noopener">Centre de ressources en interculturel (in French)</a></li>



<li class="fr"><a href="https://www.cvasm.org/en/" target="_blank" rel="noreferrer noopener">Montreal Sexual Assault Centre (MSAC)</a></li>



<li class="fr"><a href="http://www.commandeunangelot.com/the-project" target="_blank" rel="noreferrer noopener">Social Collective</a></li>



<li class="fr"><a href="https://ville.montreal.qc.ca/portal/page?_pageid=6737,60597570&amp;_dad=portal&amp;_schema=PORTAL" target="_blank" rel="noreferrer noopener">Conseil des Montréalaises</a></li>



<li class="fr"><a href="https://ineeipsh.org/" target="_blank" rel="noreferrer noopener">Institut National pour l’Équité, l’Égalité et l’Inclusion INÉÉI – PSH (in French)</a></li>



<li class="fr"><a href="https://interligne.co/en" target="_blank" rel="noreferrer noopener">Interligne</a></li>



<li class="fr"><a href="https://www.instagram.com/lavoixdesjeunescompte/?hl=fr" target="_blank" rel="noopener">La voix des jeunes compte (in French)</a></li>



<li class="fr last-item"><a rel="noreferrer noopener" href="https://www.tgfm.org/en" target="_blank">Table des groupes de femmes de Montréal</a></li>
</ul>
</div>
</div>



<hr class="wp-block-separator has-alpha-channel-opacity"/>



<div class="bloc-stm-faq ">
    <h2>Frequently asked questions</h2>        <div class="questions">
    <div class="question-item">
                        <a href="/en/frequently-asked-questions/#what_is_street_harassment_">What is street harassment?</a>
                    </div><div class="question-item">
                        <a href="/en/frequently-asked-questions/#how_does_street_harassment_affect_the_target_">How does street harassment affect the target?</a>
                    </div>    </div>

    <div class="call2action"><a href="/en/frequently-asked-questions/">All the questions</a></div>    
</div>



<hr class="wp-block-separator has-alpha-channel-opacity"/>



<p class="note-bas-de-page fr line-bottom" id="note1"><sup>*</sup> “Rapport de recherche sur le harcèlement de rue à Montréal.” UQAM/CÉAF. Courcy, Isabelle,&nbsp;Lavoie&nbsp;Mongrain,&nbsp;Catherine,&nbsp;Blais, Mélissa (2022). <a href="#top_note1" class="nbp-top" aria-label="Back to the source #1" data-type="internal"><img decoding="async" role="img" alt="Back to the source #1" src="/wp-content/themes/stm-harcelement/assets/images/back.svg"></a>

<p>Working together to fight street harassment Our city is no exception to the problem of street harassment.&nbsp;The City of Montréal, the Service de police de la Ville de Montréal (SPVM) and the Société de transport de Montréal (STM) are working together to fight street harassment in Montréal by taking concrete action to make public spaces…</p>
